er when 232618 is divided by 1244?
1234
What is the remainder when 4988971 is divided by 346?
343
What is the remainder when 1557 is divided by 15?
12
Calculate the remainder when 720068 is divided by 21.
20
Calculate the remainder when 521729 is divided by 765.
764
What is the remainder when 90000 is divided by 6922?
14
What is the remainder when 1572 is divided by 1034?
538
What is the remainder when 1367788 is divided by 21?
16
What is the remainder when 26467 is divided by 226?
25
Calculate the remainder when 25208 is divided by 191.
187
What is the remainder when 1429 is divided by 1406?
23
What is the remainder when 1376 is divided by 476?
424
What is the remainder when 2121 is divided by 141?
6
What is the remainder when 3987 is divided by 105?
102
Calculate the remainder when 99838 is divided by 23.
18
What is the remainder when 851618 is divided by 980?
978
Calculate the remainder when 94403 is divided by 239.
237
Calculate the remainder when 9916 is divided by 305.
156
What is the remainder when 164707 is divided by 10?
7
What is the remainder when 1119711 is divided by 28?
19
What is the remainder when 62998 is divided by 177?
163
What is the remainder when 2744 is divided by 107?
69
Calculate the remainder when 54467 is divided by 41.
19
What is the remainder when 29675 is divided by 19?
16
What is the remainder when 2935 is divided by 1229?
477
Calculate the remainder when 52095 is divided by 4006.
17
What is the remainder when 18527 is divided by 325?
2
What is the remainder when 5653 is divided by 801?
46
Calculate the remainder when 1359906 is divided by 10.
6
What is the remainder when 6259 is divided by 299?
279
Calculate the remainder when 47516 is divided by 23673.
170
Calculate the remainder when 26632 is divided by 512.
8
What is the remainder when 40754 is divided by 338?
194
Calculate the remainder when 2055 is divided by 105.
60
Calculate the remainder when 22347 is divided by 22.
17
Calculate the remainder when 16200 is divided by 270.
0
Calculate the remainder when 2206267 is divided by 55.
52
What is the remainder when 9090 is divided by 2970?
180
What is the remainder when 48818 is divided by 185?
163
What is the remainder when 18019 is divided by 171?
64
Calculate the remainder when 6621 is divided by 121.
87
Calculate the remainder when 188509 is divided by 853.
849
What is the remainder when 6736 is divided by 146?
20
What is the remainder when 42901 is divided by 227?
225
Calculate the remainder when 364 is divided by 1.
0
What is the remainder when 19255 is divided by 3783?
340
Calculate the remainder when 3933 is divided by 570.
513
Calculate the remainder when 6447 is divided by 322.
7
What is the remainder when 54818 is divided by 18241?
95
What is the remainder when 4109 is divided by 905?
489
Calculate the remainder when 2605 is divided by 16.
13
Calculate the remainder when 2773 is divided by 99.
1
Calculate the remainder when 4439 is divided by 1474.
17
Calculate the remainder when 526846 is divided by 168.
166
What is the remainder when 6684 is divided by 606?
18
What is the remainder when 17620 is divided by 267?
265
What is the remainder when 183146 is divided by 43?
9
What is the remainder when 129919 is divided by 320?
319
Calculate the remainder when 13771 is divided by 133.
72
What is the remainder when 671 is divided by 339?
332
What is the remainder when 7854 is divided by 370?
84
What is the remainder when 397185 is divided by 561?
558
What is the remainder when 3325 is divided by 554?
1
What is the remainder when 65606 is divided by 432?
374
What is the remainder when 216638 is divided by 74?
40
What is the remainder when 18366 is divided by 173?
28
What is the remainder when 81884 is divided by 625?
9
What is the remainder when 12686 is divided by 16?
14
Calculate the remainder when 64248 is divided by 59.
56
What is the remainder when 63806 is divided by 5?
1
What is the remainder when 1305 is divided by 504?
297
Calculate the remainder when 14356 is divided by 200.
156
What is the remainder when 1041 is divided by 65?
1
What is the remainder when 2243 is divided by 1098?
47
Calculate the remainder when 40301 is divided by 292.
5
Calculate the remainder when 7627926 is divided by 1769.
1767
What is the remainder when 2625 is divided by 611?
181
What is the remainder when 470313 is divided by 117576?
9
Calculate the remainder when 4829 is divided by 4793.
36
Calculate the remainder when 47294 is divided by 16.
14
Calculate the remainder when 17511 is divided by 5833.
12
Calculate the remainder when 25763 is divided by 320.
163
What is the remainder when 197864 is divided by 82?
80
What is the remainder when 13987 is divided by 604?
95
What is the remainder when 30583 is divided by 103?
95
Calculate the remainder when 11813 is divided by 30.
23
What is the remainder when 282493 is divided by 894?
883
What is the remainder when 6694 is divided by 53?
16
What is the remainder when 3834 is divided by 57?
15
What is the remainder when 60327 is divided by 36?
27
Calculate the remainder when 3553 is divided by 1770.
13
Calculate the remainder when 19594 is divided by 16.
10
Calculate the remainder when 1076 is divided by 213.
11
What is the remainder when 241898 is divided by 14?
6
What is the remainder when 826 is divided by 29?
14
Calculate the remainder when 373098 is divided by 236.
218
Calculate the remainder when 4143 is divided by 1352.
87
Calculate the remainder when 18291 is divided by 590.
1
What is the remainder when 1803 is divided by 85?
18
What is the remainder when 925 is divided by 413?
99
Calculate the remainder when 66125 is divided by 33062.
1
Calculate the remainder when 12179 is divided by 442.
245
Calculate the remainder when 470 is divided by 147.
29
What is the remainder when 92804 is divided by 480?
164
Calculate the remainder when 649151 is divided by 828.
827
What is the remainder when 23740 is divided by 7913?
1
What is the remainder when 346532 is divided by 13?
4
What is the remainder when 6277 is divided by 2082?
31
What is the remainder when 8366 is divided by 9?
5
What is the remainder when 28615 is divided by 292?
291
Calculate the remainder when 48553 is divided by 9.
7
What is the remainder when 208143 is divided by 34?
29
What is the remainder when 201823 is divided by 136?
135
Calculate the remainder when 4961 is divided by 187.
99
What is the remainder when 218301 is divided by 4366?
1
Calculate the remainder when 97299 is divided by 97299.
0
Calculate the remainder when 30874 is divided by 65.
64
Calculate the remainder when 1562 is divided by 693.
176
What is the remainder when 14233 is divided by 8?
1
What is the remainder when 3592 is divided by 72?
64
What is the remainder when 661193 is divided by 981?
980
Calculate the remainder when 29136 is divided by 9707.
15
What is the remainder when 33968 is divided by 33949?
19
What is the remainder when 13087 is divided by 410?
377
Calculate the remainder when 1465 is divided by 683.
99
Calculate the remainder when 535121 is divided by 24.
17
What is the remainder when 27866 is divided by 67?
61
What is the remainder when 73425 is divided by 348?
345
What is the remainder when 3189 is divided by 1746?
1443
Calculate the remainder when 3252 is divided by 1359.
534
Calculate the remainder when 2416478 is divided by 6.
2
What is the remainder when 419968 is divided by 557?
547
What is the remainder when 21628 is divided by 4?
0
What is the remainder when 141289 is divided by 710?
709
What is the remainder when 2810 is divided by 73?
36
What is the remainder when 4819 is divided by 25?
19
What is the remainder when 3799 is divided by 225?
199
Calculate the remainder when 5516 is divided by 686.
28
What is the remainder when 3329789 is divided by 102?
101
What is the remainder when 1892 is divided by 2?
0
What is the remainder when 4721 is divided by 1781?
1159
What is the remainder when 4346 is divided by 3?
2
What is the remainder when 3137 is divided by 2398?
739
What is the remainder when 8890 is divided by 17?
16
Calculate the remainder when 3155 is divided by 645.
575
Calculate the remainder when 4766 is divided by 972.
878
What is the remainder when 130 is divided by 54?
22
Calculate the remainder when 25